**2 + 8*c - 2. Let s be g(3). Suppose -s = 9*t + 428. What is the tens digit of 8/t - (-7476)/45?
6
Let n = 4177 + -2949. What is the units digit of n?
8
Let r(m) be the first derivative of m**4/4 - 20*m**3/3 - m**2/2 + m + 5. Let o be r(20). Let l(u) = u**2 + 10*u - 2. What is the hundreds digit of l(o)?
1
Let n be 63 + -1 + (-48)/(-12). Let l = 68 - n. Suppose -26 = -l*t + 206. What is the units digit of t?
6
Let q be (-2820 + 1 + 1)/(-42 - -44). Let z = q - -2430. What is the thousands digit of z?
1
Let p(f) = -18*f + 27. Let m be p(3). Let c(t) = t**3 + 27*t**2 + t + 42. What is the units digit of c(m)?
5
What is the tens digit of -1 + (200/(-6))/(187614/(-10422) + 18)?
9
Suppose 12*v + 13*v + 35275 = 0. What is the hundreds digit of v/(-17)*(11 - 0)?
9
Let l be ((-3)/(-2))/((-2)/(-4)) - 101. Let m = -96 - l. Suppose 0 = -2*w + 2*a + 54, -m*w + 36 + 19 = -a. What is the tens digit of w?
2
Suppose -5*w + 2*j + 2186 = 0, 5*w + 5*j - 286 = 1879. What is the hundreds digit of w?
4
Let l = 612 - 459. What is the tens digit of l/27 + -6 + 2116/3?
0
Suppose -140*f - 351*f - 2720457 + 20633610 = 0. What is the thousands digit of f?
6
Suppose 1899425 - 574423 = 62*a. What is the hundreds digit of a?
3
Let f(w) = 17*w**2 - 41*w**2 + 3*w**3 - w - 2*w**3 - 1 + 27*w**2. Let x be (-1)/(-2)*(4 + -8). What is the units digit of f(x)?
5
Suppose -a = -4*a + f - 2, 5*a - 6 = -3*f. Suppose 7*u - 4*u = a. Suppose k - 19 - 41 = u. What is the tens digit of k?
6
Let f(u) = 10*u**2 - 9*u + 51. Suppose 3*i = -2*i - 5*g + 15, 9 = -3*g. What is the tens digit of f(i)?
5
Suppose 108*w + 152198 = 1664306. What is the thousands digit of w?
4
Let w(j) = -j**2 - 14*j + 21. Let l = -59 + 45. What is the tens digit of w(l)?
2
Suppose -2*a + 588 = 4*a. Suppose 2*c - 518 - a = 0. Suppose -c = -5*f - 3*k, 5*k = 2*f + 2*f - 239. What is the tens digit of f?
6
Let x(k) = k**3 - 25*k**2 + 24*k. Let u be x(24). Suppose u*j + j = 99. Suppose 19*w + j = 22*w. What is the units digit of w?
3
Let s(m) = 77*m**2 + 2*m + 2. Let p be (12 - 11)/(2/(-6)). What is the hundreds digit of s(p)?
6
Let a(r) = 60*r**3 + 4*r**2 + 5*r + 8. Let h be a(4). Suppose m - 2*u = -3*m + h, -m + 981 = -u. What is the tens digit of m?
8
Let m(t) = -t**2 - 5*t - 3. Let a be m(-3). Suppose 157 - 510 = -n + a*p, 4*p = -4*n + 1428. What is the tens digit of n?
5
What is the tens digit of (6/10 - 15/(-300)*299228) + -1?
6
Let b be (-29 + 30)*((3 - 2) + 2). Suppose -m = -b*m + 50. What is the units digit of m?
5
Suppose 0 = 58*k - 455112 - 75058 - 163684. What is the thousands digit of k?
1
What is the hundreds digit of -2*10899/(-6) - (-5)/((-35)/21)?
6
Suppose 860*a = 853*a + 14. Let n be 1/(-2) - 93/(-6). What is the hundreds digit of ((-590)/n)/(a/(-9))?
1
Suppose t + r - 1 = 0, -2*t - 4*r = -2 + 4. What is the units digit of t/((-1)/1)*(-1086)/6?
3
Suppose 290*t = 257*t + 234465. What is the tens digit of t?
0
Let d be 520/91 - (-4)/14. Suppose d*b + b = 182. Suppose 5*i + 115 = 5*w, -3*i + 121 + b = 5*w. What is the units digit of w?
7
Let t be (-7)/(-4 + -3) + -1 + 24. Suppose -13*b - 748 = -t*b. What is the tens digit of b?
6
Let s(m) = 35*m**2 - 2*m + 2. Let u be s(3). Suppose -16 = -13*f + 36. Suppose -u = -f*i - x, 3*x - x + 80 = i. What is the tens digit of i?
7
Let z(l) = 21*l + 48. Let n be 24/32*2*2. Let u(j) = -11*j - 24. Let t(b) = n*z(b) + 5*u(b). What is the units digit of t(5)?
4
Suppose -11*r + 8*r = 21. Let f = r - -26. Let h = f + -12. What is the units digit of h?
7
Let l be (-1)/3*-4*288/8. Suppose l*n = 51*n - 1164. What is the units digit of n?
8
Let b be -3 + 15/10*(-4)/(-3). Let f be 81 + (-4 - -1 - (b - 2)). Suppose -4*k + f = -3*k. What is the tens digit of k?
8
Suppose 5*c - 58*w - 32083 = -55*w, 6425 = c - 2*w. What is the hundreds digit of c?
4
Suppose 27*n = 6*n - 42. Let h(p) = -90*p - 13. What is the hundreds digit of h(n)?
1
Suppose -38*y + 92130 = -39578. What is the hundreds digit of y?
4
What is the tens digit of ((-1)/3)/((-44)/(-1056)) - -7434?
2
Let p = 6443 + 2796. What is the units digit of p?
9
Let a(l) = -35*l**3 + 6*l**2 - 12*l - 21. What is the units digit of a(-5)?
4
Suppose -21*z + 99488 - 49837 + 123893 = 0. What is the tens digit of z?
6
Let q = 162 - 157. What is the tens digit of ((-60)/(-21))/q + (-8913)/(-21)?
2
Let y = -50668 - -105949. What is the thousands digit of y?
5
Let b be (-7)/3 + 2 + (-665)/(-285). Suppose 4*d + 68 = -5*v + 346, -b*v = -d + 63. What is the units digit of d?
7
Let h = 33 + -23. Suppose 4*w - h - 166 = 0. What is the units digit of 4/(-12) - (1 - w/6)?
6
Let b(t) = t**3 + t**2 + t + 2. Let u be 5 + -4 + 4 + -3. Suppose -k = -u*k + 2. What is the tens digit of b(k)?
1
Let i = -10893 + 17776. What is the hundreds digit of i?
8
Let x be (1/2)/(-1) - (-44)/8. Let i be 13*-1*(x + -4). Let y = i + 58. What is the units digit of y?
5
Let g = -111 - -261. Let q = -383 - -387. What is the units digit of (-32)/(-7) - (g/42 - q)?
5
Let r(k) = 69*k**2 - 11*k - 17. Let i = 783 - 787. What is the hundreds digit of r(i)?
1
Suppose -3*a + 4 = -8. Suppose a*t - 3*t - 3*p = -18, 4*p = 4*t + 96. Let o = t + 31. What is the units digit of o?
4
Suppose -14997 = -2*v + z, 2*v + 5*z = -3700 + 18691. What is the units digit of v?
8
Let c = -74 - -88. Suppose -c = -4*g - 5*a, 3 = a + 5. What is the units digit of (-404 + 5)/1*(-2)/g?
3
Suppose m + 3*m + 16 = 0, 5*h - 4*m - 3226 = 0. Let q be h + 1/(-2 + 0 - -1). What is the units digit of q/9 - 6/27?
1
What is the ten thousands digit of (-22 - -7 - -18)*(-1)/6*-28162?
1
Let s(q) = 6*q - 4*q + 57*q**2 - 53*q**2. Let v be s(-6). Let y = v - -87. What is the tens digit of y?
1
Suppose -h - 52572 = -5*v, -3*v - 3*h + 2*h = -31540. What is the tens digit of v?
1
Let w(k) = 1644*k**2 - 186*k + 9. What is the hundreds digit of w(-3)?
3
Suppose 0 = -x + 4*x. Suppose x*r = 2*g - 5*r + 27, -2*g = -3*r + 17. What is the units digit of g + 92/5 - 33/(-55)?
8
Let f = 1 + -5. Let b(r) = -2*r**3 - 2*r**2 + 11*r + 13. Let m(g) = 8*g**3 + 7*g**2 - 46*g - 54. Let a(v) = 9*b(v) + 2*m(v). What is the units digit of a(f)?
5
Let q(d) = 117*d + 72. Let r be q(5). Suppose 0 = 651*k - r*k + 366. What is the units digit of k?
1
Suppose 0 = 14*q - 13*q + 15. Let u = 15 + q. Suppose u = 5*s + 4*b - 418, -s + b = -13 - 67. What is the tens digit of s?
8
Let m be 6/(-6 - -24) - (-10)/6. Let n be 64/28 + 8/(-28). Suppose 0 = m*l - 3*b - 220, n*b = 3*l + 4*b - 356. What is the tens digit of l?
1
Let w(c) = c**2 + 10*c - 9. Let v be w(-11). Let y = v + -4. What is the units digit of -2*(-3 - (-235)/y)?
1
Let c(a) = -9*a - 19*a**2 - a**3 + 51 - 25 + 3 + 5 + 12. What is the hundreds digit of c(-19)?
2
Suppose 0 = -16*n + 5*n + 11. Let y be (-7)/(n - (3 + 3/(-2))). Suppose -655 = -y*v + 9*v. What is the hundreds digit of v?
1
Let h(g) be the first derivative of g**3 + 35*g**2/2 - 10*g - 42. What is the units digit of h(7)?
2
Let d = -240 + 239. What is the tens digit of (-78)/(-7)*((d - 5) + 69)?
0
What is the tens digit of -1 - -12 - (-34037 - 544)?
9
Let o(i) = 24*i**3 + 12*i**2 - 42*i - 6. What is the thousands digit of o(7)?
8
Let v = 16132 - -10281. What is the ten thousands digit of v?
2
Let q = -10219 - -11134. What is the tens digit of q?
1
Suppose 153*d = 149*d + 2396. Suppose -20*j + d = -2201. What is the tens digit of j?
4
Let z(g) = 3216*g**2 + 44*g - 105. What is the ten thousands digit of z(3)?
2
Let o(g) be the second derivative of 11*g**5/4 - 11*g**3/6 + 5*g**2/2 - 2*g + 2. What is the hundreds digit of o(3)?
4
Let p(m) = -m**2 - 62*m - 416. What is the units digit of p(-34)?
6
Suppose 15*c - 3*c = 0. Suppose -5*v - 27 = -n, c*n + 5*v = 3*n - 111. Suppose -5*i + 90 = -5*z, 0*i + 3*z - n = -3*i. What is the units digit of i?
6
Suppose 9 = g + 10. Let a be (3 - -1) + (g - -577). Suppose -610 = -5*z + 5*o, -2*z - 3*z - 5*o + a = 0. What is the hundreds digit of z?
1
Suppose -30*m + 184677 + 114452 = 23519. What is the hundreds digit of m?
1
What is the tens digit of 16/104 + (-1)/(78/(-50766))?
5
Let y(o) be the second derivative of o**4/6 - 11*o**3/6 - o**2/2 + 18*o. Let t be y(6). Suppose -w = -t*w + 44. What is the tens digit of w?
1
Let x be 0/(3*(-8)/(-12)) + 87. Let q = x - -74. What is the units digit of 1 + -2 + (